 Let t(l) = u*j(l) + 2*w(l). What is t(0)?
2
Let z(b) = -2*b - 8. Let s(o) = -2*o**2 - 7*o - 2. Let i be s(-6). Let h be i/5 + (-24)/(-60). Calculate z(h).
4
Suppose -c - 6 = -5*t, 4*t + 2 = c + 3*t. Let q(u) = -3*u**2 + 5*u - 1. Give q(c).
-29
Let h(n) = 6*n**3 + 9*n**2 + 10*n + 46. Let g(t) = 2*t**2 + 2*t + 7*t**3 + 9 - 6*t**3 + 0*t. Let m(a) = 11*g(a) - 2*h(a). What is m(5)?
-8
Let w = -34 + 37. Suppose 17*j = w*j + 42. Let d(r) = 6*r**2 + 5*r - 9. Let c(x) = -5*x**2 - 4*x + 8. Let l(m) = -5*c(m) - 4*d(m). What is l(j)?
5
Suppose 3*y = 5*s + 16, 3 = -5*s - 4*y + 1. Let a(g) = g**2 + 8*g - 1. Let t(l) = -l**2 - 9*l. Let p(o) = s*t(o) - 3*a(o). Let k = 3 - 8. Give p(k).
8
Let h(r) = 2*r - 18. Let z(i) = i - 11. Let d(g) = 3*h(g) - 5*z(g). Calculate d(-7).
-6
Let a be ((-4)/(-10))/((-7)/70)*-1. Let w(i) = 5 - 3 + 1 - 4*i + 1. Give w(a).
-12
Let c = 35 - 20. Let q be 18/c*(-15)/(-6). Suppose p = q*p - 14. Let y(s) = -s**2 + 7*s - 5. Determine y(p).
-5
Let u(d) = -d**3 + d + 12. Let m be (-14)/4*(1 + -3). Let y(g) = g**2 - 6*g - 7. Let r be y(m). Give u(r).
12
Let l(y) = 3*y**2 - 3*y + 2. Let g(j) = 5*j**2 - 5*j + 3. Let q(b) = 5*g(b) - 8*l(b). Calculate q(1).
-1
Let a(c) = -c + 1. Suppose 31 = -5*t + 76. Let n = 15 - t. Determine a(n).
-5
Let z = -1 - -3. Let t(i) = -6*i - 16. Let j be t(-3). Let g(r) = 2 + 4*r - r**j - 3*r + z*r. Determine g(4).
-2
Suppose 5*a - 20 + 0 = 0. Let t be (-21)/(-14) - (-2)/a. Let c(h) = 0 - 3 - t*h + 0*h + 4. What is c(3)?
-5
Suppose 11*s + 40 = 4*m + 16*s, -m - 3*s = -17. Let g(k) = 5*k + 15. Let p(b) = -3*b - 10. Let t(r) = 5*g(r) + 8*p(r). Calculate t(m).
0
Suppose -4*n - 5 = -9*n. Let v(t) = -55*t - 50*t + 104*t. Calculate v(n).
-1
Let z(j) = 1 + 7 - 17*j + 12*j - 11 - j**2. Determine z(-5).
-3
Suppose -5*c + 22 = 2. Suppose c*k + 0 + 40 = 0. Let s = -7 - k. Let a(r) = -r**3 + r**2 + 4*r - 3. What is a(s)?
-9
Let o(j) = j**3 + 6*j**2 - 8*j + 4. Let r be (-9)/36 + 81/(-12). Determine o(r).
11
Suppose 11*n = 12*n - 3. Suppose n*p - r = 25, -p + r + 0 + 11 = 0. Let b(z) = 2*z - 2. Determine b(p).
12
Let q(n) = -93*n**2 + 97*n**2 - 7*n + n**3 + 0*n**3 - 3. Suppose 3*m + 15 = -0*m. Calculate q(m).
7
Let z(u) = 0*u**3 + 207*u**2 + 2 - 205*u**2 + 2*u - u**3 + u. Calculate z(-2).
12
Let w be (5/((-5)/2))/(8/16). Let y be w/3 - 2/((-6)/7). Let u(l) be the second derivative of 7*l**3/3 - l**2/2 - l. Calculate u(y).
13
Let a(o) be the second derivative of 2*o**3/3 + o**2/2 + o. Suppose -4*h + h - 15 = 4*m, -4*m = 4*h + 16. Let p be (-3 - -2)*(-2 + (h - -2)). Determine a(p).
5
Let k(t) = -t**3 + 4*t**2 + 7*t - 3. Let n(x) = -x**2 + 14*x - 43. Let z be n(6). What is k(z)?
7
Let p(h) = -5*h - 6. Suppose 40 = -5*c + 5*l, -14*l + 15*l = 3. Calculate p(c).
19
Let i(d) = -d**3 + 10*d**2 + 9*d + 2. Let h(y) = y**2 - 8*y + 26. Let s be h(5). What is i(s)?
-20
Suppose -2*x = -5*h + 10, 0 + 25 = -5*x + 3*h. Let i = 9 - x. Let a(s) = -2*s**2 - s**3 - 15 + 4*s + 3*s**2 + i. What is a(3)?
-7
Let c(h) be the third derivative of -h**6/360 - h**5/24 - h**4/24 + 17*h**3/6 - 3*h**2. Let k(f) be the first derivative of c(f). Determine k(-4).
3
Let q be (((-4)/1)/(-2))/((-100)/(-250)). Let b(h) = h**2 - 9*h + 10. Calculate b(q).
-10
Let d = 6 + -3. Suppose -145 = -5*y + 5*h, 5*y = -d*h - 36 + 149. Let c = 27 - y. Let j(m) = -2*m**3 + m**2 + 1. What is j(c)?
-11
Let a(c) = c**2 - 7*c + 7. Let m be a(6). Suppose -7 = -2*q - 5. Let o be (m - q)*2/4. Let t(b) = b + 7. Determine t(o).
7
Let h(f) = 2*f - 9. Let w be h(7). Let j(v) = -v. Suppose u + 4 = -3*u. Let b(m) = -2*m - 5. Let r(n) = u*b(n) + 4*j(n). Give r(w).
-5
Let b = -105 + 97. Let h(k) be the first derivative of -k**2/2 - 5*k - 2. Give h(b).
3
Let h(w) = w**2 - 6*w + 13. Let m be (0 - -1)/((-55)/(-220)). What is h(m)?
5
Let c = -8 - -4. Suppose 4 = m + 2. Let l(z) = -m - 1 - 2 + z. Calculate l(c).
-9
Let k(p) = 3*p + 5. Let i = -309 - -304. Give k(i).
-10
Let u(s) = -2*s + 2. Let b be 25/9 + (-6)/216*-8. What is u(b)?
-4
Let x(l) = l**3 - 8*l**2 - 6. Let g be -12*2*((-2)/3)/2. Determine x(g).
-6
Suppose 3*c + 4*d - 24 = 2, -30 = -5*c - 4*d. Let o(n) = 0*n - 5*n - 1 + c*n. Suppose 13*r = -0*r - 26. Determine o(r).
5
Let k(c) = -3*c**2 - 4*c + 3. Suppose -22*s + 46 = 2. What is k(s)?
-17
Let i be (1/(-2))/((-42)/(-168)). Let m(z) = 4*z**2 + z - 4. Give m(i).
10
Let i(d) be the first derivative of -d**3/6 + 3*d**2/2 - 56*d - 56. Let m(s) be the first derivative of i(s). Determine m(-3).
6
Let f(q) = 3*q**2 - 39 + 0*q**2 - 5*q**2 - 542*q + 547*q + 3*q**2. What is f(-9)?
-3
Suppose -3*d - 2*c + 12 = -8, -d + 5*c - 16 = 0. Suppose 6*l - 6 = l - k, 2*l + 4*k - 6 = 0. Let t(z) = 20*z - 13*z + 0 + l - 6*z. Calculate t(d).
5
Suppose -3*n = -4*j - 38, 11*j - 9*j + 4 = 0. Let o(v) = -5*v + 50. Determine o(n).
0
Let h(l) = 8*l - 5. Let z(i) = 15*i - 11. Let p(u) = -5*h(u) + 2*z(u). Calculate p(1).
-7
Suppose -5*p + 3 + 4 = -2*g, 5*g - 23 = -p. Let d = p - -5. Let t(c) = -4*c - 6*c + d*c. Determine t(-2).
4
Let d(z) = -z**2 - 14*z + 17. Let v(w) = 2*w**2 + 15*w - 19. Let i(p) = -3*d(p) - 2*v(p). What is i(12)?
-13
Let x(b) be the third derivative of -b**6/120 - b**5/20 + 5*b**4/24 - b**3/2 - 2498*b**2. Let g = 9 + -1. Suppose 0*q - g = 2*q. Calculate x(q).
-7
Let a(c) be the first derivative of c**4/4 - 10*c**3/3 - 13*c**2/2 + 14*c + 195. Calculate a(11).
-8
Let w(g) = g**2 - 12*g + 20. Let q be (-270)/(-180)*6*1. Give w(q).
-7
Let j(q) be the first derivative of -3*q**4/2 - 153. What is j(-1)?
6
Let j be 104/2*(-8)/32. Let q(t) = t**2 + 12*t - 12. Give q(j).
1
Let f(v) = v**2 + 6. Suppose 0 = -5*a + 5*p + 8 + 7, a + 9 = -3*p. Calculate f(a).
6
Let h(d) = d**3 + 15*d**2 - 16*d + 4. Let x be h(-16). Let j(q) = -q**2 - 5*q + 5. Let l(v) = -v**2 - 4*v + 4. Let t(p) = x*j(p) - 5*l(p). Give t(-1).
1
Let c(z) be the second derivative of -1/4*z**4 - 1/720*z**6 + 11/120*z**5 + 0*z**3 + 0*z**2 + 0 - 9*z. Let h(q) be the third derivative of c(q). Calculate h(8).
3
Let m(l) = -l**2 - 4*l + 5. Suppose -9*q = 39*q + 384. Determine m(q).
-27
Let n(y) = y + 2. Let v(f) be the second derivative of -f**5/20 + 5*f**4/12 - 2*f**3/3 - 5*f**2/2 - 6*f. Let d be v(4). Give n(d).
-3
Let m be (5/(-2))/(2/(-4)). Let h(a) be the third derivative of -a**5/60 + 5*a**4/24 + a**3 - 241*a**2. Calculate h(m).
6
Let j(u) = -u**2 - 19*u - 25. Let q(b) = 2*b**3 + 15*b**2 + 22*b + 87. Let d be q(-7). Determine j(d).
-7
Let c be ((-24)/(-192))/(2/(-16)). Let s(p) = -19*p. Determine s(c).
19
Let v be -2 + 241/3 + (-4)/12. Let u = -83 + v. Let l(f) = 5*f**2 + 2*f + 8. Let r(z) = 6*z**2 + z + 9. Let i(s) = -5*l(s) + 4*r(s). What is i(u)?
1
Let t = -17 - -20. Suppose -5*f - t = -18. Suppose 0 = f*k + 3*u - 9 + 27, -4*k + u = 4. Let z(i) = -2*i**3 - 3*i**2 + 1. Determine z(k).
5
Let o(u) be the third derivative of -u**5/4 + u**3/6 - 10*u**2 + u. Give o(-1).
-14
Suppose 3*b = b - 2*r + 2, -3*b = 5*r + 3. Let a be (-16)/(-4*2/b). Let x(g) = 1 - a*g + 0*g**2 - g**2 - 1 + 2. What is x(-7)?
9
Let d be -3*6/48 - 45/8. Let t(a) = -a**3 - 3*a**2 + 13*a - 6. Determine t(d).
24
Let v(u) = 5*u**3 - 2*u**2 + u. Let f be v(1). Let w(r) be the third derivative of 0*r - 26*r**2 - 1/60*r**5 + 0 + 1/12*r**4 + 5/6*r**3. Give w(f).
-3
Let f(n) = -2. Let a(w) = 9*w + 5. Let i(d) = a(d) + 2*f(d). Calculate i(-1).
-8
Let q be 0 + 1 + (1 - 1). Let p be (2*q)/(23/23). Let b(s) = 0 + 1 - 8*s**p + 7*s**2 + s + 0*s. What is b(-1)?
-1
Let p(w) be the first derivative of w**3/3 - 3*w**2/2 - 3*w + 1. Suppose -r + 0*r - 7 = 2*x, 2*x + 13 = -3*r. Give p(r).
15
Let p = 38 + -5. Suppose -3*o - 5*c = 19, 2*c + 3*c = 4*o - p. Suppose -5*n = -o*n - 18. Let q(z) = z**3 - 6*z**2 - z + 5. Determine q(n).
-1
Let m(l) be the third derivative of l**6/120 - l**5/6 + 11*l**4/24 - 7*l**3/6 - 64*l**2. Give m(9).
11
Let r(n) be the third derivative of 0*n**3 + 27*n**2 + 0 - 1/20*n**5 + 0*n - 1/8*n**4. Determine r(-2).
-6
Let f = 629 - 624. Let z(q) be the third derivative of -q**2 + q**3 + 0*q - 1/60*q**5 + 1/12*q**4 + 0. What is z(f)?
-9
Let n(y) be the first derivative of 13*y**3/3 + y + 275. Give n(1).
14
Let h(v) = -15*v + v**2 + 30*v + 6 - 11*v - 8*v. What is h(5)?
11
Suppose -g + 1 + 5 = 0. Let r(c) = -1. Let b be (2 - (3 - 0))*-1. Let z(l) = 2*l + 5. Let p(n) = b*z(n) + g*r(n).